{"id":577,"date":"2018-02-18T21:15:29","date_gmt":"2018-02-18T20:15:29","guid":{"rendered":"https:\/\/chumdochau.ch\/pfadi\/?page_id=577"},"modified":"2024-11-30T17:27:56","modified_gmt":"2024-11-30T16:27:56","slug":"pfadihuus-spiss","status":"publish","type":"page","link":"https:\/\/chumdochau.ch\/pfadi\/pfadihuus-spiss\/","title":{"rendered":"Spiss \u2013 das gem\u00fctliche Lagerhaus auf der \u00absch\u00f6nen Seite der Mythen\u00bb"},"content":{"rendered":"<div id=\"pl-577\"  class=\"panel-layout\" ><div id=\"pg-577-0\"  class=\"panel-grid panel-no-style\" ><div id=\"pgc-577-0-0\"  class=\"panel-grid-cell\" ><div id=\"panel-577-0-0-0\" class=\"so-panel widget widget_sow-image panel-first-child panel-last-child\" data-index=\"0\" ><div\n\t\t\t\n\t\t\tclass=\"so-widget-sow-image so-widget-sow-image-default-8b5b6f678277-577\"\n\t\t\t\n\t\t>\n<div class=\"sow-image-container\">\n\t\t<img \n\tsrc=\"https:\/\/chumdochau.ch\/pfadi\/wp-content\/uploads\/2020\/05\/b2cc46a9-e2c0-4c73-b541-94654147a95f.jpg\" width=\"1920\" height=\"1440\" srcset=\"https:\/\/chumdochau.ch\/pfadi\/wp-content\/uploads\/2020\/05\/b2cc46a9-e2c0-4c73-b541-94654147a95f.jpg 1920w, https:\/\/chumdochau.ch\/pfadi\/wp-content\/uploads\/2020\/05\/b2cc46a9-e2c0-4c73-b541-94654147a95f-300x225.jpg 300w, https:\/\/chumdochau.ch\/pfadi\/wp-content\/uploads\/2020\/05\/b2cc46a9-e2c0-4c73-b541-94654147a95f-1024x768.jpg 1024w, https:\/\/chumdochau.ch\/pfadi\/wp-content\/uploads\/2020\/05\/b2cc46a9-e2c0-4c73-b541-94654147a95f-768x576.jpg 768w, https:\/\/chumdochau.ch\/pfadi\/wp-content\/uploads\/2020\/05\/b2cc46a9-e2c0-4c73-b541-94654147a95f-1536x1152.jpg 1536w\" sizes=\"(max-width: 1920px) 100vw, 1920px\" title=\"Spiss H\u00fctte\" alt=\"\" loading=\"lazy\" \t\tclass=\"so-widget-image\"\/>\n\t<\/div>\n\n<\/div><\/div><\/div><div id=\"pgc-577-0-1\"  class=\"panel-grid-cell\" ><div id=\"panel-577-0-1-0\" class=\"so-panel widget widget_sow-editor panel-first-child panel-last-child\" data-index=\"1\" ><div\n\t\t\t\n\t\t\tclass=\"so-widget-sow-editor so-widget-sow-editor-base\"\n\t\t\t\n\t\t>\n<div class=\"siteorigin-widget-tinymce textwidget\">\n\t<p style=\"text-align: center;\">Das Spiss-Haus steht im Mythenwald ob Schwyz auf 1200 m.\u00fc.M.<br \/>\nNeben viel H\u00fcttencharakter verf\u00fcgt es \u00fcber eine kleine K\u00fcche, 2 Aufenthaltsr\u00e4ume,<br \/>\n1 Massenschlag mit 25 Schlafpl\u00e4tzen sowie einer Toilette. Im Freien befinden sich ein<br \/>\ngrosser Platz f\u00fcr Spiel und Spass sowie eine Feuerstelle. In der unmittelbaren Umgebung<br \/>\nladen zahlreiche Wanderwege zu Entdeckertouren und sportlichen Aktivit\u00e4ten ein.<\/p>\n<p style=\"text-align: center;\">Der Spiss wurde in den Jahren 1993 und 1994 von den Pfadiabteilungn Schwyz und<br \/>\nBrunnen renoviert. Daher ist die Benutzung f\u00fcr diese zwei Organisationen kostenlos. F\u00fcr<br \/>\nandere Jugendvereine und Schulklassen betr\u00e4gt die Miete 5 SFr. pro Person und Nacht.<br \/>\nBei privaten \/ gesch\u00e4ftlichen Anl\u00e4ssen wird ein Pauschalbetrag nach Vereinbarung<br \/>\nverrechnet.<\/p>\n<p style=\"text-align: center;\">Interesse geweckt?<\/p>\n<p style=\"text-align: center;\">f\u00fcr weitere Auskunft und Reservierung:<\/p>\n<p style=\"text-align: center;\"><strong>Michael Barmettler v\/o Balu<\/strong><br \/>\n<strong>Tel.: +41 79 414 09 70<\/strong><\/p>\n<\/div>\n<\/div><\/div><\/div><\/div><div id=\"pg-577-1\"  class=\"panel-grid panel-no-style\" ><div id=\"pgc-577-1-0\"  class=\"panel-grid-cell\" ><div id=\"panel-577-1-0-0\" class=\"so-panel widget widget_sow-editor panel-first-child panel-last-child\" data-index=\"2\" ><div\n\t\t\t\n\t\t\tclass=\"so-widget-sow-editor so-widget-sow-editor-base\"\n\t\t\t\n\t\t><h3 class=\"widget-title\">Route via Hauptplatz - Kollegi - Riedstrasse - Dietental - Spiss H\u00fctte (Alternative via Dorfbach - Mangelegg)<\/h3>\n<div class=\"siteorigin-widget-tinymce textwidget\">\n\t<p><iframe loading=\"lazy\" style=\"border: 0;\" tabindex=\"0\" src=\"https:\/\/www.google.com\/maps\/embed?pb=!1m28!1m12!1m3!1d21754.532939984554!2d8.644349501649952!3d47.034017615644075!2m3!1f0!2f0!3f0!3m2!1i1024!2i768!4f13.1!4m13!3e2!4m5!1s0x47854e3f7bc01501%3A0x77da1be70eea88a2!2sHauptpl.%2C%206430%20Schwyz!3m2!1d47.0212614!2d8.653093499999999!4m5!1s0x47854d30cd10c52f%3A0x21cc74f44aab1e24!2sSpiss%20H%C3%BCtte%2C%20Schwyz!3m2!1d47.0467765!2d8.6721456!5e0!3m2!1sde!2sch!4v1590227021052!5m2!1sde!2sch\" width=\"800\" height=\"600\" frameborder=\"0\" allowfullscreen=\"allowfullscreen\" aria-hidden=\"false\"><\/iframe><\/p>\n<\/div>\n<\/div><\/div><\/div><\/div><\/div>","protected":false},"excerpt":{"rendered":"<p>Das Spiss-Haus steht im Mythenwald ob Schwyz auf 1200 m.\u00fc.M. Neben viel H\u00fcttencharakter verf\u00fcgt es \u00fcber eine kleine K\u00fcche, 2 Aufenthaltsr\u00e4ume, 1 Massenschlag mit 25 Schlafpl\u00e4tzen sowie einer Toilette. Im Freien befinden sich ein grosser Platz f\u00fcr Spiel und Spass sowie eine Feuerstelle. In der unmittelbaren Umgebung laden zahlreiche Wanderwege zu Entdeckertouren und sportlichen Aktivit\u00e4ten [&hellip;]<\/p>","protected":false},"author":1,"featured_media":0,"parent":0,"menu_order":0,"comment_status":"closed","ping_status":"closed","template":"","meta":[],"_links":{"self":[{"href":"https:\/\/chumdochau.ch\/pfadi\/wp-json\/wp\/v2\/pages\/577"}],"collection":[{"href":"https:\/\/chumdochau.ch\/pfadi\/wp-json\/wp\/v2\/pages"}],"about":[{"href":"https:\/\/chumdochau.ch\/pfadi\/wp-json\/wp\/v2\/types\/page"}],"author":[{"embeddable":true,"href":"https:\/\/chumdochau.ch\/pfadi\/wp-json\/wp\/v2\/users\/1"}],"replies":[{"embeddable":true,"href":"https:\/\/chumdochau.ch\/pfadi\/wp-json\/wp\/v2\/comments?post=577"}],"version-history":[{"count":61,"href":"https:\/\/chumdochau.ch\/pfadi\/wp-json\/wp\/v2\/pages\/577\/revisions"}],"predecessor-version":[{"id":331119,"href":"https:\/\/chumdochau.ch\/pfadi\/wp-json\/wp\/v2\/pages\/577\/revisions\/331119"}],"wp:attachment":[{"href":"https:\/\/chumdochau.ch\/pfadi\/wp-json\/wp\/v2\/media?parent=577"}],"curies":[{"name":"wp","href":"https:\/\/api.w.org\/{rel}","templated":true}]}}